 - 20. Suppose -n = t*n - 148. Is n a composite number?
False
Is (-16 - -13)/((-3)/38) composite?
True
Let p(t) = 3*t**2 + 7*t - 57. Is p(18) a prime number?
False
Suppose 2*d - 37 = 5*a - 2, 3*d - 4*a = 35. Suppose -4*k + 1577 = 5*j, -7*j = -2*j - d. Is k composite?
True
Let l be (-1 + 0 + 2)*0. Let k(a) = a. Let x be k(5). Suppose x*o + 4*s - 139 = l, 2*s + s - 19 = -o. Is o a composite number?
False
Suppose 0 = -4*u - x + 1484, -2*u + 5*x - 171 = -913. Is u a composite number?
True
Suppose 0 = -4*d + 5*d - 407. Is d a prime number?
False
Suppose 0*o - 18 = -o. Let x be 2660/o + (-2)/(-9). Suppose -3*t + x = t. Is t composite?
False
Suppose -4*r = -3*q + 68, -3*r - 2*q - 64 = -q. Let b = 14 + r. Is -3*(1 + 74/b) composite?
True
Let r = 163 + -106. Is r a prime number?
False
Let f be (-168)/16*(0 + -2). Is (-3)/((3 - 6)/f) a composite number?
True
Suppose 0 = l - 6 - 14. Suppose -4*r + 9*t = 4*t - 79, t = r - l. Is r composite?
True
Let q be 2*(-10)/4*25. Let a = q - -187. Suppose x - a = -x. Is x prime?
True
Suppose -5*q = 3*v - 2*q - 15, 4*q = 2*v - 10. Let u = v - 7. Is 21/1 + 0 + u a prime number?
True
Is ((-17)/(-4))/(3 + 908/(-304)) a composite number?
True
Suppose 0 = -5*n + 371 - 116. Let b = -99 + 67. Let c = b + n. Is c composite?
False
Let c(z) = 579*z**2 - 2*z - 2. Is c(-1) a prime number?
False
Suppose -2*m - 465 = m. Let d = m - -246. Is d composite?
True
Let n = -4 - -5. Let p be (12 - 1)*n*-5. Let f = 89 + p. Is f a prime number?
False
Is ((-14)/(-4))/((-3)/(-30)) a composite number?
True
Let s(f) = f**2 + 3*f - 4. Let t(y) = y**2 - 4*y - 4. Let z be t(4). Let p be s(z). Suppose p = 3*n - 2*n - 14. Is n a prime number?
False
Let o = 21 - 14. Let b(y) = -y**3 + 7*y**2 + y - 4. Let c be b(o). Suppose -k + 8 = c*k. Is k a prime number?
True
Let k(x) = -54*x - 7. Let q(a) = a**2 + 12*a + 14. Let r be q(-10). Is k(r) prime?
True
Let r be (0 - 1)/((-10)/20). Let v be (-2 + -223)*(1 - r). Let f = v - 130. Is f prime?
False
Suppose 5*v = -5*l + 5, 5*v - 37 = 4*l - l. Suppose 2*i - 2*f - 198 = -7*f, 0 = -v*i + 2*f + 437. Is i composite?
False
Let a(c) = -47*c**2 - 3*c - 2. Let d(x) = -142*x**2 - 10*x - 7. Suppose 28 = -7*r + 3*r. Let m(y) = r*a(y) + 2*d(y). Is m(1) prime?
False
Let p(a) = -16*a - 17. Let h be p(-5). Suppose h = -2*v + 5*v. Is v a prime number?
False
Let l = -319 - -2474. Is l composite?
True
Let y(g) be the third derivative of -31*g**6/24 + g**2. Is y(-1) composite?
True
Is 22544/(-24)*(-6)/4 composite?
False
Suppose -2*q - 5*v = -5*q + 664, 2*q - 416 = -2*v. Is q a composite number?
True
Suppose 0 = -0*g + 3*g + 342. Suppose 2*c - 5*j + 59 = 0, -3*c + 4*j + 0*j - 71 = 0. Let f = c - g. Is f a prime number?
True
Let z = -27 - -50. Is z prime?
True
Let b(p) = 31*p - 3. Let y be b(2). Let n(j) = -86*j**3 + j. Let i be n(-1). Let q = i - y. Is q a composite number?
True
Let k = -219 + 33. Suppose 3*o - 1113 = 6*o. Let n = k - o. Is n composite?
True
Let m = -1213 - -1865. Let c be ((-2)/4)/(1/m). Is 1/(2/c*-1) a composite number?
False
Suppose 4*z = -24 + 204. Let j = z - 30. Let n = 30 - j. Is n prime?
False
Suppose 2*j + 175 = 7*j. Suppose 5*c + y = -4*y + 50, -4*y + j = 3*c. Suppose -c*w + 268 = -w. Is w composite?
False
Is (-1)/2 + 0 - (-5875)/10 a prime number?
True
Let z be 0 - (-1 + (-6)/(-2)). Let x be (5*z)/(-6 - -4). Suppose x*n - s = 570, -n - s + 44 = -64. Is n prime?
True
Let x = 2 - 1. Let l = x - -20. Let w = l - 15. Is w prime?
False
Suppose 0 = y + 3*x + 19, -3*y + 4*x = x + 93. Is (y + 2)*(-26)/4 composite?
True
Suppose 1254 = 3*y - 192. Suppose -4*l = -258 - y. Is l composite?
True
Suppose 9*t - 3246 = 6*t. Is t prime?
False
Suppose 3*g - g + 3*f = 36, -16 = -4*f. Let q(i) = i**3 - 11*i**2 - 7*i + 7. Is q(g) a prime number?
True
Let j(x) = x**3 - 7*x**2 + 2*x - 5. Let g(d) = d**3 - 7*d**2 + d - 4. Let p(t) = 6*g(t) - 5*j(t). Is p(9) a prime number?
True
Suppose -62 - 18 = 5*p. Suppose 0*w - 2*w + 162 = 0. Let o = p + w. Is o a composite number?
True
Suppose -7*v = -8*v + 50. Suppose 195 = 5*l - v. Is l composite?
True
Let m = 10 + 9. Is m a prime number?
True
Let m(y) = -4*y**3 + y**2 + 3*y - 1. Let x(r) = -r**3 + 3*r**2 - 2*r + 2. Let d be x(3). Is m(d) a prime number?
False
Let w(h) = 15*h**2 - 7*h + 8. Is w(3) prime?
False
Let i(y) = 2*y**2 - 18*y - 7. Is i(16) prime?
False
Let r(z) = -8*z**3 - 3*z**2 - z - 1. Suppose 2*j = -6, 0*j - 19 = 5*w + 3*j. Is r(w) prime?
True
Suppose 14109 = 7*z - 4*z. Is z composite?
False
Let x = -8 - -12. Suppose 0 = x*s - 2*m - 70, -2*s - m + 14 = -27. Is s a composite number?
False
Let a = 232 + -159. Let q = a + -18. Is q composite?
True
Suppose -9 = -5*r + 231. Suppose 3*b = 2*b - r. Let t = -13 - b. Is t a prime number?
False
Let u(k) = k**3 + 16*k**2 + 18*k + 1. Is u(-12) a prime number?
False
Let i(k) = 19*k - 56. Is i(13) composite?
False
Suppose -295 - 111 = -f + 3*k, -3*k = 2*f - 785. Is f a composite number?
False
Let s(t) = -t**3 - 3*t**2 - 2*t - 3. Let a be s(-2). Let b be a - ((1 - -2) + -6). Is 61 + (3 - 6) + b composite?
True
Let u = 3 + -9. Let n(d) = 8*d - 4. Let q be n(3). Let k = q + u. Is k a prime number?
False
Let r(f) = 7*f**2 - 4*f - 2. Is r(4) prime?
False
Let a(f) = -f**3 - 13*f**2 - 10*f + 15. Let m be a(-12). Let p = 15 + m. Is (-4)/p + 1270/6 prime?
True
Let d be 4 + -2 + (3 - 2). Let w be ((-1)/3)/(2/(-24)). Suppose -l = -5*a + 2, l + 30 = w*l - d*a. Is l composite?
False
Let y = -12 + 13. Let k(l) = 268*l**3 - 2*l**2 + 1. Is k(y) prime?
False
Let c be 24/(-2)*(-5)/(-3). Is (-5 - -8)*c/(-6) prime?
False
Let a = 53 + -38. Let y = -401 + 213. Is (y/(-6))/(10/a) prime?
True
Suppose 4 = 2*u - 0*u. Is 74*3/u*1 prime?
False
Let i = -7 + 5. Let k be (40/(-12))/(i/3). Suppose a - 160 = -k*n, -2*a + a + 5*n = -210. Is a prime?
False
Let w(l) = l**2 + 10*l + 3. Let n(f) = -3*f**2 - 29*f - 10. Let k(m) = -2*n(m) - 7*w(m). Let t(v) = v**3 + 3*v**2 - 2*v - 2. Let p be t(-4). Is k(p) composite?
False
Let t(z) be the second derivative of z**5/20 + 3*z**4/4 - 11*z**3/6 + 2*z. Is t(-10) prime?
False
Let x be 5*4*12/80. Is 372 + (3/(-1))/x a prime number?
False
Suppose 0 = -2*y + 2*x, -2*x + 0*x + 9 = y. Is y - (-32 - 3 - -1) a prime number?
True
Let q(g) = g**3 + 10*g**2 - 10*g + 1. Is q(-8) a prime number?
False
Let t = -451 - -876. Suppose -5*i + t = -0*i. Is i composite?
True
Let z = 47 - 14. Let c(u) = -u - 19. Let a be c(0). Let x = a + z. Is x composite?
True
Suppose y = -6*m + 2*m + 613, -2452 = -4*y + 5*m. Suppose 4*u + 77 - y = 0. Is u a composite number?
True
Suppose 0 = 2*w - 15 - 9. Let n = 34 - w. Is n a prime number?
False
Let u be 32/10*(-15)/(-6). Suppose 10 = -u*m + 3*m. Is 169/2 - (-3)/m a prime number?
True
Let i = -2655 - -5012. Is i composite?
False
Is 11*(5 - (-4)/(-1)) a prime number?
True
Suppose -4*m + 156 = -f, -3*m + 450 = 5*f + 1322. Let u = -93 - f. Is u composite?
False
Let z = 1534 - -151. Is z prime?
False
Suppose 0 = -5*i - 5*v + 770, -i - 487 = -4*i + 2*v. Suppose 4*w = w + i. Is w composite?
False
Suppose 4*a = 3*q - 29 - 367, 4*a - q + 396 = 0. Let d = a + 158. Is d prime?
True
Suppose 5*k + 3 - 23 = 0. Suppose i - 385 = -k*i. Is i a prime number?
False
Suppose 0 = -4*z + 2 - 6, -5*z = 2*l - 61. Let t(h) = 2*h. Let f be t(-1). Is f - -1*(l - 0) a prime number?
True
Is -4*(-2 + 843/(-12)) prime?
False
Suppose i = 4*c + 2 - 1, -3*i + 19 = 4*c. Let q = c - 0. Suppose m = -1 - q, 4*y - 92 = 4*m. Is y composite?
True
Let r(u) = u**3 - 11*u**2 + 2*u - 2. Let i be r(8). Let b = i - -389. Is b prime?
True
Let f(w) = w + 9. Let l be (-165)/35 - (-2)/(-7). Is f(l) a composite number?
True
Suppose -4*c - 3*x + 173 = 0, 3*c = -x - 21 + 157. Is c prime?
True
Let h(v) = 6*v - 3. Let a(i) = -13*i + 5. Let t(k) = 2*a(k) + 5*h(k). Is t(3) composite?
False
Let q be 14/10 + (-9)/(-15). Suppose 0 = -5*u + 4*a + 4681, 7*a = u + q*a - 953. Is u a composite number?
True
Let g(t) = -2*t + 133. Is g(0) composite?
True
Let j(q) = 165*q + 22. Is j(9) composite?
True
Let h be -2*2/4 + 1. Suppose h = -3*v + 1 + 26. Is v composite?
True
Let y(h) = -h**2 - 11*h + 1. Let c(f) = -f**2 - 8*f. Let d be c(-9). Is y(d) prime?
True
Suppose -13*w - 9921 = -16*w. Is w prime?
True
Suppose 2*x = -3*x + 25. Let s = 60 + x. Suppose 5*r + 0*r - s = 0. Is r a pr